4 - 3).
-19
What is -3 + 30 - (8 + -19) - 17?
21
What is 9 - (1 + 1 - (67 + -61))?
13
What is the value of -3 - (-12 + (-1 + 4 - 4) + -3)?
13
Evaluate -3 + 2 - (-8 + (-9 + 20 - 3)).
-1
Calculate 1 + -3 - (-227 - -202) - 11.
12
Calculate (-306 - -333) + (-12 - -3).
18
Evaluate -12 - (-8 - (-23 + 34)).
7
Evaluate (-1 - 1) + -2 + -8.
-12
What is (11 - -7) + (-14 - (-9 - 0))?
13
What is the value of 58 + 0 + -59 + (-2 - (1 + 1))?
-5
What is the value of (-10 - -24) + 31 + -30?
15
What is 17 + (-28 - -9) - 17?
-19
Calculate -6 + 0 + -3 + 36 + -17.
10
What is the value of 5 - ((29 - -16) + -21)?
-19
What is the value of 702 + -660 + (-7 - -2)?
37
1 + (-25 - -40) - -9
25
What is 1 + -1 + -29 + (25 - -18) + -41?
-27
-27 + -34 + 36 + 4
-21
What is 12 + -4 + 3 - (0 + -18 + 8)?
21
(49 - 24) + -8 + 3
20
What is -7 - (-14 - -23 - (12 - 4))?
-8
Evaluate 10 + -6 - 16 - -12.
0
Calculate 5 - -1 - (-1 - 0).
7
Calculate 11 + -33 + -10 + 3 + 5.
-24
What is 3 + -4 - 10 - (48 - 50)?
-9
What is the value of (9 - (7 + -3)) + (-25 - -3 - -3)?
-14
What is the value of 1 + 2 - (17 + -14 + -11)?
11
What is -13 + (16 + -9 - (4 + 6))?
-16
Evaluate 1 - 2 - (67 + -21 - 49).
2
43 + -29 - (6 + 5 + -7)
10
Evaluate 3 - (44 - 16 - 8).
-17
What is the value of 19 + 9 + -47 + 11?
-8
What is 14 + 2 + (0 - -2) + (147 - 141)?
24
What is 1146 + -1140 - (-6 + 0 + 0)?
12
10 + -8 + -5 + -6 - (1 - 0)
-10
Calculate (0 - (-5 + -3)) + -21.
-13
1 + -4 + 0 - (-11 - -3)
5
Evaluate 7 + (3 + -1 - (7 + 10 + -11)).
3
-24 + 31 - -36 - 12
31
What is (0 - 14) + 2 + (-2 - 3) + 4?
-13
What is the value of 1 + -21 - (-248 - -248)?
-20
Evaluate 15 - ((-6 - (-2 - 6) - -4) + 0).
9
What is -1 + (-8 + 2 - (20 + -29))?
2
Calculate (2 + -3 + 1 - (40 + -37)) + 4.
1
-18 - (-13 + 2) - (-3 + 3 - -3)
-10
What is the value of (-34 - -28) + -11 + 23?
6
What is the value of -2 + (-1 + 13 - (-31 + 51))?
-10
Calculate 22 + 7 + (-19 - -1).
11
What is the value of -24 - (-17 + -2 + 19)?
-24
Evaluate 25 + -15 + 8 + 5 + -11 + -6.
6
What is the value of -10 - (5 + -8 + -8 + 8)?
-7
What is -6 - (-1 + 12 + -36 + 27)?
-8
Evaluate -13 - (-9 + -9) - 21.
-16
Calculate 11 - (-4 + 11 + -15 - -6).
13
What is the value of (5 - 1) + (2 - 9) + 3?
0
Evaluate (4 - (-26 + 9 - -8)) + -5.
8
-1 + -11 + -15 + 40 - (-16 + 7)
22
What is -3 - (1 + (-13 - (-1 + -6 + 6)))?
8
What is (14 - (3 + 8 + (1 - 3))) + -31?
-26
What is (23 - 8) + (8 - (-8 - 2))?
33
What is 12 - ((1 - 15) + (1 + 13 - 7))?
19
What is the value of 23 - (14 + 18 + -18)?
9
What is -45 + 39 - (-4 - (3 - -1) - 1)?
3
Calculate 10 - (-16 + 35) - (2 + -1).
-10
Calculate 22 + -18 + (1 + 5 + -3 - 12).
-5
Evaluate -28 - (-31 - -5) - 16.
-18
Calculate -22 + (-20 - -17) + 18 - 7.
-14
26 + -16 + 0 - 10
0
Calculate (-3 + 21 - -9) + -23.
4
What is -1 - ((-1 - -2) + -3) - (-24 - -20)?
5
-2 + 4 + 22 + -11
13
What is -5 + (-5 - (2 + 9 + -15))?
-6
What is (-9 - 5 - -8) + (13 - -9)?
16
What is the value of 5 + (-5 - (1 - -2))?
-3
-5 + -5 - (-2 + (3 - -1))
-12
Evaluate 2 - ((4 - 3) + 1 + (-7 - 4)).
11
Evaluate -14 + 11 + -12 + 27.
12
(-2 + 0 - (-46 + 39)) + -7
-2
What is the value of -12 + 0 + 10 + -14?
-16
(-8 - -32) + (-59 - -22)
-13
What is the value of 8 + -2 + -3 + (6 - 8) - 8?
-7
What is the value of -9 - (1 - -2) - (-17 + 1)?
4
Evaluate -1 + (2 + -4 + -12 - 3).
-18
Evaluate -33 + (22 - -7 - 4).
-8
(-6 - 2) + (-54 - (30 - 67))
-25
Calculate -2 + -6 + -2 + 4 + -1 + 2.
-5
Evaluate (15 - ((9 - 8) + 6)) + -16 + -4.
-12
What is the value of -25 + 3 + 4 + (107 - 101)?
-12
(0 + -4 - (-49 + 51)) + 8
2
What is the value of 19 + (-14 - -9 - 5)?
9
Calculate -17 - -15 - 9 - (-11 - 17).
17
Calculate (5 - (-8 - -6)) + -3 + 3.
7
What is 15 - (6 + -6 + (3 - 0))?
12
Evaluate -4 + -15 + 3 + 32.
16
-46 + 15 + 40 - (-1 + -8)
18
Evaluate 1 + 9 - (-9 - -18 - 3) - 1.
3
What is -3 - (37 + (-1 - ((-7 - -4) + 9)))?
-33
Evaluate 47 + -50 + (-18 - -5) - -2.
-14
What is the value of 8 - (2 + (-6 - 3) + 6)?
9
Evaluate (11 - (3 - -10)) + 10 - (2 + -21).
27
Calculate (3 - 2 - -5) + (-3 - 17).
-14
13 - (3 + (11 - 12))
11
(1 - -11) + 1 + 6 + (-52 - -51)
18
Calculate 2 - (35 - -1) - (-28 - (-29 - -1)).
-34
Evaluate -5 + 0 + 12 + (0 + 3 - 10).
0
What is (-17 - (-25 + 14)) + (0 - 0)?
-6
4 - -9 - (-8 - -2)
19
What is (-14 - (-59 + 31)) + -37?
-23
Evaluate -36 + (-13 - 2 - -13) + 18.
-20
Calculate (41 - 19 - 3) + -11.
8
Evaluate (0 - 11) + -10 + -28 + 52.
3
What is the value of -31 - (-23 + (9 - -6) + -2)?
-21
What is -5 - ((-12 - -3) + -7)?
11
What is the value of 2 + 0 - 2 - (-45 - (-42 - 17))?
-14
What is the value of (10 - -7) + -14 + (10 - 0)?
13
Evaluate -7 - (16 + (-17 - 8)).
2
(-5 - ((7 - 4) + -2)) + -13
-19
Evaluate -1 + (8 + -5 - -15).
17
Calculate -151 + 140 - (1 + 1 + -3 + 1).
-11
Evaluate -8 + 9 + -8 + -1 - (2 + 0).
-10
Calculate -1 + -11 - (13 + -18 + 8).
-15
10 + -3 + -16 + 36 + -5
22
45 + -50 + 4 + -6 + 3
-4
What is the value of -9 + 2 - (1 + -1 + 2)?
-9
(4 - (1 - 1)) + -16 + 15
3
Evaluate 18 + -6 + -7 + 5 + 4.
14
What is the value of -1 + (4 - 0 - -5 - (8 + -9))?
9
Calculate -15 + (21 - 1) + 2 + 3 + -1.
9
What is (1 - 0 - (55 + -56)) + -1?
1
(-1 - 9) + (-34 - 17 - -85)
24
Evaluate 242 + -239 + (6 - (0 - -3)).
6
1 + (-13 + -3 - (-38 - -54))
-31
39 + 38 + -40 + -17
20
Calculate -23 + 5 + 13 - -13.
8
Evaluate 12 + (11 - 12) - 11.
0
9 + (5 + 20 - 38)
-4
Calculate (-2 - -4) + -12 - -3.
-7
Calculate 0 - 5 - (-352 + 348).
-1
What is the value of 6 + -8 - (-16 - -8)?
6
-36 - (27 - 58 - 9)
4
(1 - 12) + 25 + -20
-6
What is -15 - (-32 + 21) - (-24 + 0 - -2)?
18
What is the value of 44 + -26 + 9 - 13?
14
What is 10 + -27 + 10 + (-19 - 2) - -5?
-23
What is the value of (0 - 3 - (-141 + 145)) + -9?
-16
Evaluate (10 + -8 - 5) + 7 + 11.
15
What is the value of 5 + (-8 - 8) - -9 - (1 - -2)?
-5
Evaluate 3 - (3 + -21) - (-49 + 27 - -21).
22
Evaluate (-10 + -3 - (107 + -110)) + -1 + -1.
-12
Calculate (-4 - (0 + -4)) + (-9 - 11) + 11.
-9
What is -114 - -107 - (22 - 1) - (-2 + -7)?
-19
What is the value of (2 - (-19 - -13)) + (1 - 11)?
-2
What is the value of -5 - (-16 + (2 - 7 - -3 - -7))?
6
What is 16 + 2 + 12 + -62 + -4?
-36
Evaluate -26 - (-24 + 3 + 6 + 9 + 2).
-22
Calculate (1 - (0 + -6 + 10)) + 5 - 5.
-3
Evaluate 52 + (-16 + 39 - 42).
33
What is the value of -26 - (26 + -72) - 23?
-3
Evaluate -12 + 11 + -21 - (-5 - (-4 - -7)).
-14
Evaluate 1 + -3 + (-2 - -9) + 204 + -199.
10
230 + -223 + (-1 - 13 - -2)
-5
What is -10 + 27 - (6 + 15)?
-4
What is the value of (12 + -18 - 4) + 5 - (3 + 0)?
-8
What is -4 + 11 + -1 + 1?
7
Evaluate 6 + (11 - 34) + 34.
17
What is -7 - (40 + -39 + (-2 - -10))?
-16
Calculate -12 + 2 - -16 - 17 - -24.
13
Calculate 9 - (-2 + (-8 - -14) + -6).
11
What is 3 - 1 - (3 + -35 - -22)?
12
What is (-3 - 6) + -12 + (47 - (17 + 2))?
7
Evaluate (4 - 2) + 7 + -31 + 18.
-4
What is the value of 8 + -4 + 2 + 3 - 48?
-39
What is the value of 26 + (-5 - -4) - (-98 - -103)?
20
(11 - (12 + -6 + -4)) + -1
8
Evaluate -6 + 16 - 7 - (-6 + 2).
7
What is the value of (0 - 1) + (1 - 0 - -4) - 8?
-4
9 - (-10 + 44 + -18)
-7
What is 8 + -26 + -5 + 39?
16
Evaluate 27 + -22 + (1 - 23) + -3 + -2.
-22
What is the value of 21 + -20 + 2 + 11?
14
Calculate 13 - (100 + -58 - (1 + 3)).
-25
Calculate (0 - (1 + -7)) + (0 - 3) + 9.
12
Calculate 12 - 10 - 0 - 12.
-10
Evaluate (-3 - ((-13 - -6) + 1)) + 8.
11
65 - (34 - 45 - -44)
32
Evaluate 80 + -43 + -40 + 41.
38
What is 10 + 46 + -49 - (2 + -1 - -28)?
-22
What is the value of -16 - (72 + -70 - (3 + (3 - 2)))?
-14
Calculate 9 + -18 - (7 - (7 - -3)).
-6
What is the value of 11 - 12 - (-21 - -13)?
7
What is (8 - 5) + (-9 - (-8 + 7))?
-5
Calculate 0 + 7 + -14 + -18 + 11.
-14
-250 + 256 + (-1 - 11)
-6
23 + -4 - (66 + -72)
25
Evaluate 32 + (-29 - -11 - (3 - 6)).
17
-10 - (-12 + 14) - -1
-11
Evaluate 15 - (-4 - -10 - -6).
3
Evaluate -1 + -2 - (2 - 11).
6
4 + 19 + -1 + (-5 - -4)
21
What is the value of (21 - (-1 - -2)) + -12?
8
(3 + -7 - (12 - 12)) + -18 - -8
-14
What is the value of 132 + -138 - (3 + -3 - -3)?
-9
Calculate -10 - ((-3 - 2) + (-7 - -3)).
-1
What is the value of (9 - (2 + -1)) + -10 - -7?
5
What is (0 - (-28 + 14 - 2)) + -9 + 2?
9
What is -9 + 12 + -11 - -1?
-7
Evaluate -75 + 65 - (-5 - -4 - (0 + 1)).
-8
(19 - (27 + -25)) + (-2 - (3 - 1))
13
-62 - -50 - ((-10 - (1 + -3)) + 2)
-6
-1 + -25 